) = p**2 + 193*p - 31336. Calculate n(105).
-46
Let h(t) = 16*t**3 - 8*t**2 - 63*t - 263. Determine h(-4).
-1163
Let x(c) = -3*c**3 - 10*c**2 - 3*c - 35. Give x(-5).
105
Let w(c) = c**3 - 9*c**2 - 32*c + 13. Calculate w(-7).
-547
Let c(i) = -3*i - 299. Calculate c(-65).
-104
Let i(j) = 12837*j - 89868. Determine i(7).
-9
Let z(s) = -17*s**3 + 2*s**2 + 58*s - 61. What is z(1)?
-18
Let v(r) = -49*r**3 + 2*r**2 - 4*r + 9. Calculate v(2).
-383
Let v(g) = 487*g + 2929. What is v(-6)?
7
Let v(m) = 31*m**2 - 78*m + 48. Calculate v(1).
1
Let h(f) = 4*f**3 - 2*f**2 - 3*f + 12. What is h(4)?
224
Let d(l) = 2*l**2 - 55*l - 3403. What is d(57)?
-40
Let a(h) = 87*h + 3217. Give a(-37).
-2
Let o(u) = -u**3 + 14*u**2 - 52*u + 45. Calculate o(8).
13
Let f(j) = 68*j - 132. What is f(-1)?
-200
Let m(i) = -i**3 - 12*i**2 - 15*i + 62. Determine m(-4).
-6
Let y(s) = -s + 500. Determine y(-77).
577
Let n(d) = -d**3 + 10*d**2 - 24*d + 33. Calculate n(6).
33
Let q(f) = -3*f**3 - 11*f**2 + 6*f + 17. Give q(-4).
9
Let n(i) = i**3 + 10*i**2 + 13*i + 17. Determine n(-6).
83
Let o(x) = -239*x + 4036. Determine o(17).
-27
Let q(l) = 2416*l + 19331. What is q(-8)?
3
Let y(v) = 7*v**2 - 78*v - 59. Calculate y(12).
13
Let p(d) = d**2 + 37*d - 120. Determine p(3).
0
Let k(r) = r**3 - 10*r**2 + 27*r - 20. Give k(9).
142
Let o(f) = f**3 - 32*f**2 + 18*f - 570. Give o(32).
6
Let x(p) = 182*p + 42601. What is x(-234)?
13
Let c(i) = -3*i**2 + 6*i + 1307. Give c(-20).
-13
Let k(u) = -15*u**3 - 5*u**2 + 7*u. Give k(1).
-13
Let h(n) = -n**3 + 84*n**2 + 556*n - 53024. Determine h(83).
13
Let j(i) = -34*i**3 - i**2 - 4*i - 3. Calculate j(-1).
34
Let z(p) = p**3 - 74*p**2 - 9*p + 10. Calculate z(0).
10
Let q(w) = 2*w**3 + 12*w**2 - 144*w + 11. Calculate q(-12).
11
Let y(f) = -214*f - 3124. Give y(-15).
86
Let b(y) = 296*y + 56. Determine b(1).
352
Let c(g) = 5*g**3 + g**2 - 2913*g + 2910. What is c(1)?
3
Let a(s) = -11*s + 394. Give a(36).
-2
Let h(z) = z**3 + 5*z**2 + 10*z + 86. Calculate h(-6).
-10
Let u(r) = -r**3 - 105*r**2 - 229*r - 2364. Give u(-103).
5
Let h(x) = -13*x**2 + 228*x - 1088. Calculate h(5).
-273
Let a(r) = -301*r + 2418. Give a(8).
10
Let f(h) = 4*h**3 + 3*h**2 - 9*h - 52. Determine f(0).
-52
Let u(t) = 132*t - 2448. Determine u(17).
-204
Let o(g) = 3*g**3 + 575*g**2 - 186*g + 1165. Determine o(-192).
13
Let f(z) = -76*z**2 + 4*z + 4. Determine f(-1).
-76
Let a(s) = 9*s + 245. Calculate a(-30).
-25
Let x(c) = -c**3 - 17*c**2 + 46*c + 1168. Determine x(-10).
8
Let g(i) = -i**3 + 15*i**2 - 70*i + 569. Determine g(13).
-3
Let t(n) = n**2 - 82*n + 1417. What is t(25)?
-8
Let x(c) = -6*c**3 - 4*c**2 + 15*c + 7. Give x(-2).
9
Let s(t) = -3*t**2 - 35*t + 41. Calculate s(-13).
-11
Let p(a) = 6*a**3 - 180*a**2 + 153*a + 621. Give p(29).
12
Let p(l) = -11*l - 536. Give p(-44).
-52
Let s(b) = b**3 + 12*b**2 + 23*b + 152. What is s(-11)?
20
Let k(a) = 219*a - 14469. Give k(66).
-15
Let k(z) = -z**3 + 14*z**2 - 4*z - 16. Give k(7).
299
Let n(s) = -s**3 - 2*s - 315. Determine n(0).
-315
Let v(j) = -2*j**2 + 11*j - 71. Determine v(4).
-59
Let l(n) = 31*n**2 - 16*n + 1. Give l(4).
433
Let b(t) = 1303*t + 89899. Determine b(-69).
-8
Let b(k) = k**3 + 8*k**2 - 57. Calculate b(-8).
-57
Let b(i) = -i**3 - 34*i**2 + 72*i - 99. Give b(-36).
-99
Let l(n) = -2*n**3 - 62*n**2 + 66*n + 74. What is l(-32)?
10
Let c(q) = 2*q**3 - 125*q**2 + 93*q - 1914. Give c(62).
8
Let o(f) = 360*f - 3956. Determine o(11).
4
Let u(q) = 62*q + 2844. Determine u(-46).
-8
Let x(f) = -4*f**3 - 165*f**2 + 122*f - 126. Calculate x(-42).
42
Let j(s) = 2*s**3 + 60*s**2 - 41*s + 636. Determine j(-31).
-15
Let v(i) = i**2 - 519*i - 4198. Calculate v(-8).
18
Let i(o) = o**3 + 72*o**2 + 207*o - 1. Calculate i(-69).
-1
Let r(y) = 3*y**3 - 23*y**2 + 2*y - 80. What is r(8)?
0
Let r(q) = -q**2 - 10*q - 15. Calculate r(-13).
-54
Let k(t) = -16*t**2 + 103*t + 211. What is k(-2)?
-59
Let v(d) = -d**3 + 13*d**2 - 4*d - 13. What is v(13)?
-65
Let s(q) = 72*q + 2240. Give s(-31).
8
Let q(z) = 2*z**3 + 42*z**2 + 76*z + 24. What is q(-19)?
24
Let l(o) = -o**3 + 22*o**2 + 4*o - 20. Calculate l(21).
505
Let p(n) = n**3 - 14*n**2 + 19*n + 58. Give p(12).
-2
Let n(x) = x**2 + 89*x + 877. Determine n(-76).
-111
Let r(h) = -2*h**3 + 65*h**2 - 93*h + 17. Give r(31).
17
Let j(b) = b**2 + 31*b + 340. What is j(-18)?
106
Let k(t) = 4*t**3 - 220*t**2 - 11*t - 47. Give k(55).
-652
Let k(p) = -72*p + 215. Give k(9).
-433
Let z(b) = 2*b**3 - 10*b**2 - 193*b + 989. Determine z(5).
24
Let w(m) = -8*m + 36. What is w(2)?
20
Let h(w) = w**3 + 8*w**2 - 205*w - 1641. What is h(-8)?
-1
Let o(k) = -2*k**3 - 26*k**2 - 69*k + 93. What is o(-6)?
3
Let l(b) = -b**2 - 6*b + 65. What is l(5)?
10
Let n(k) = -k**3 - 19*k**2 - 56*k - 682. Determine n(-18).
2
Let s(d) = -d**3 + 44*d**2 + 165*d - 1170. Calculate s(47).
-42
Let t(j) = -j**3 - 18*j**2 + 58*j + 1439. Determine t(-16).
-1
Let m(t) = 8*t + 447. Determine m(-57).
-9
Let i(q) = -315*q**2 + 1565*q + 38. Calculate i(5).
-12
Let u(x) = -x**3 - 31*x**2 - 31*x - 19. Give u(-30).
11
Let d(h) = -2*h**2 - 45*h. What is d(0)?
0
Let b(k) = 2207*k - 52954. Give b(24).
14
Let y(m) = -m**3 - 23*m**2 + 2*m - 76. Determine y(-23).
-122
Let v(c) = 2*c**2 + 26*c - 127. What is v(-17)?
9
Let i(t) = 47*t + 773. Give i(-17).
-26
Let g(d) = -56*d - 239. Determine g(-19).
825
Let h(v) = 29*v**2 + 407*v + 9. Calculate h(-14).
-5
Let w(q) = -q**3 + 50*q**2 + 60*q - 458. Determine w(51).
1
Let f(h) = 13*h**3 + 704*h**2 + 106*h - 112. Calculate f(-54).
-4
Let f(i) = 185*i + 7775. Calculate f(-42).
5
Let t(s) = 2113*s + 38065. What is t(-18)?
31
Let c(n) = -42*n - 1521. Calculate c(-34).
-93
Let n(y) = y**3 + 35*y**2 + 8*y + 51. What is n(-35)?
-229
Let q(c) = 2*c**3 - 11*c**2 + 11*c - 2. What is q(1)?
0
Let f(s) = s**3 + 11*s**2 + 14*s + 6. Give f(-12).
-306
Let w(u) = 1482*u - 3047. Determine w(2).
-83
Let g(x) = 20*x + 21. Determine g(-1).
1
Let r(s) = s**3 - 14*s**2 + 32*s - 93. What is r(12)?
3
Let r(x) = -17*x - 61. Determine r(-8).
75
Let s(w) = -2*w**2 - 14*w - 22. Determine s(-6).
-10
Let w(o) = 11*o**2 - 56*o - 148. Calculate w(7).
-1
Let w(m) = 82*m - 3722. Give w(46).
50
Let y(g) = 3*g**3 + 106*g**2 + 36*g + 25. Give y(-35).
-10
Let n(v) = -4*v + 234. Determine n(57).
6
Let z(i) = i**2 + 283*i + 13850. Give z(-63).
-10
Let q(z) = 2*z**2 + 210*z - 1326. What is q(6)?
6
Let q(t) = -5*t**3 - 28*t**2 + 2*t + 27. Determine q(-7).
356
Let u(p) = -5*p**2 + 4*p + 158. Calculate u(9).
-211
Let r(j) = -j**3 + 19*j**2 + 314*j - 695. Calculate r(29).
1
Let a(y) = y**3 + 7*y**2 - 52*y - 219. Calculate a(-6).
129
Let a(z) = -766*z + 4775. Determine a(6).
179
Let m(h) = -h**2 + 34*h - 98. Determine m(31).
-5
Let v(n) = -6*n**3 - 12*n**2 - 22*n - 22. What is v(-1)?
-6
Let k(h) = -31*h**2 - 2*h - 3. What is k(-1)?
-32
Let v(l) = l**3 + 34*l**2 + 241*l - 7. Determine v(-10).
-17
Let y(n) = 2*n**3 - 104*n**2 - 104*n - 104. Calculate y(53).
2
Let b(v) = -1483*v - 5972. What is b(-4)?
-40
Let h(f) = f**2 + 48*f + 111. Determine h(-49).
160
Let f(a) = 94*a - 1796. Calculate f(19).
-10
Let t(n) = -74*n + 73. Give t(5).
-297
Let r(i) = -907*i + 17239. Calculate r(19).
6
Let y(n) = n**2 + 10*n + 11. Give y(-12).
35
Let j(q) = 10403*q + 30. What is j(0)?
30
Let n(f) = 36810*f - 147239. What is n(4)?
1
Let w(r) = -376*r**2 - 10*r + 2. Calculate w(1).
-384
Let m(h) = -49*h - 1042. What is m(-19)?
-111
Let k(g) = -4*g**3 - 12*g**2 + 8*g + 8. Calculate k(-4).
40
Let p(h) = -37*h**2 - 2*h + 13. What is p(-4)?
-571
Let o(m) = -m**2 - 14*m - 2. Give o(-12).
22
Let f(b) = b**3 + 73*b**2 + 63*b - 616. What is f(-72)?
32
Let u(i) = -2*i**2 - 12*i - 13. What is u(-10)?
-93
Let c(r) = 37*r - 3195. Determine c(87).
24
Let p(r) = -196*r + 558. Determine p(3).
-30
Let t(v) = 43*v + 38. Calculate t(-1).
-5
Let o(j) = -2*j**3 - 170*j**2 + 3*j + 255. Determine o(-85).
0
Let p(c) = -c**2 + 47*c - 57. Give p(20).
483
Let l(j) = 5*j**2 - 240*j + 65. Give l(47).
-170
Let f(r) = r**2 + 36*r - 81. Determine f(-30).
-261
Let r(l) = l**3 - 19*l**2 - 21*l + 39. Give r(20).
19
Let h(z) = -z**2 + 11*z + 82. What is h(-6)?
-20
Let r(m) = 18*m**2 + 12*m - 25. Give r(2).
71
Let s(c) = 1030*c - 7333. What is s(7)?
-123
Let u(c) = 34*c + 112. Give u(-7).
-126
Let o(b) = 85*b